488 + -157938. What is the hundreds digit of b?
5
Suppose 5*z - f - 103 = -0*z, -99 = -5*z + 3*f. Suppose z*u + 18*u = 14469. What is the units digit of u?
1
Suppose 47*k - 20*k - 351 = 0. What is the tens digit of ((-130)/15)/k*-1770?
8
Let h(u) = -u**3 - 2*u**2 + 2*u - 2. Let p be h(-3). Let n be (p - 2)/1 + 19. What is the tens digit of (30/n)/(3/45)?
2
Let t = 16 - 7. Suppose -t*f = -0*f - 180. What is the tens digit of 4/(f/16 - 1)?
1
Let i be -2 + -2 + 2/(4/782). Suppose 0 = 18*w - 477 - i. What is the units digit of w?
8
What is the units digit of 7387 - (14/(-14) - (-8 - -3))?
3
Let r(p) be the third derivative of 7*p**4/8 - 11*p**3/6 - 2*p**2 + 83*p. Let z = 6 + -3. What is the tens digit of r(z)?
5
Suppose 0 = u + u + 2*a - 4, a - 20 = -4*u. Let p be (1 - u/4)*(-154)/(-7). Let o(q) = -2*q**2 - 25*q - 10. What is the units digit of o(p)?
3
Suppose 0 = -4*f + 45 - 1. Let u be (-14)/21 + f/3 - -121. Suppose -36 = -4*h + u. What is the tens digit of h?
4
Let w(a) = 25*a**2 - 3*a + 5. Suppose 15 = 6*i - 3. Let p be w(i). Let s = -104 + p. What is the hundreds digit of s?
1
Let u(w) = -w**3 + 5*w**2 - 23*w + 249. What is the thousands digit of u(-27)?
4
Suppose -3*g + 7918 = 2*v, v - 2*g = 852 + 3100. What is the hundreds digit of v?
9
Let w(g) = 6*g**3 - 22*g**2 - 46*g + 1. Let f be w(-2). Suppose 0 = -4*r - 3*n + 214, -3*r - 2*n = -5*n - 150. Let a = f + r. What is the units digit of a?
9
Suppose 4*n - 9620 = -2*h + 34006, -h = -4*n + 43653. What is the units digit of n?
1
Let k(g) = 97*g - 82. Let a be k(8). What is the hundreds digit of a + (30/6 - (1 + 4))?
6
Suppose 4*x = l + 6*x - 6631, 10*l - 66310 = 2*x. What is the thousands digit of l?
6
What is the hundreds digit of (-150)/250*(-686180)/12?
3
Let r = -85 + 45. Let v = -40 - r. Suppose h = -v*h + 119. What is the hundreds digit of h?
1
Suppose 469*o + 2850 = 474*o. Let k = -250 + o. What is the tens digit of k?
2
Suppose 14*g - 9*g - 1230 = 2*p, 759 = 3*g + 3*p. Let b = 298 + g. What is the hundreds digit of b?
5
Let t = 85 - 81. Suppose c + 87 + 16 = -5*y, 0 = -t*c + y - 475. Let a = c + 271. What is the tens digit of a?
5
Suppose n = -2*o - 161, 57 = n + o + 221. Let c = n + 364. What is the tens digit of c?
9
Let s be (20/(-35))/((-2)/28). Suppose 0*n + s = c + 4*n, -n = c - 2. Suppose -t = c, -5*t - 127 - 45 = -q. What is the hundreds digit of q?
1
Let x = -102 - -118. Let j(z) = -3*z**2 + 56*z - 20. What is the hundreds digit of j(x)?
1
Let m(h) = h**3 - 4*h**2 - 5*h + 12. Let k be m(8). Suppose -11*s = -10*s - k. Suppose p = -3*p + s. What is the units digit of p?
7
Suppose -55*v + 14865 + 46680 = 0. What is the units digit of v?
9
Let h(q) = 2261 - 4*q - 2266 + 14*q**2 - q**3 - 8*q. What is the units digit of h(9)?
2
Let b(y) = -y**3 - 13*y**2 + 2*y + 12. Let f be b(-14). Suppose -x + n + 27 = -37, 3*x = -n + f. Let s = x - 18. What is the tens digit of s?
4
Let i(d) = -851*d - 590. What is the tens digit of i(-5)?
6
Suppose x + 11 = -122. Let j = 235 + -305. Let h = j - x. What is the units digit of h?
3
Suppose -168707 = -58*q - 3792 + 524067. What is the units digit of q?
9
Let v(r) = 20*r**2 - 46*r - 60. Let t(l) = 7*l**2 - 15*l - 20. Let z(j) = -14*t(j) + 5*v(j). What is the units digit of z(-9)?
2
Suppose 0 = 3*b - 4*h - 39227, 5*b - 65380 = -392*h + 397*h. What is the ten thousands digit of b?
1
Let w = -11163 + 16825. What is the tens digit of w?
6
Let h be (42/4)/(1/2). Let o = h + -25. Let n = o + 73. What is the units digit of n?
9
Let c be ((-5)/(-3))/(5/(-15)). Let q be -84 + c + 2 + 0. Let p = q + 154. What is the units digit of p?
7
Suppose -4*i = -z + 34005, -5*z + 169913 = -71*i + 67*i. What is the thousands digit of z?
3
Suppose -7053 = -2*i + 2533. Suppose 15968 - i = 25*s. What is the units digit of s?
7
Let d be ((-24)/(-16))/(6/40). Let j(z) = -14*z**2 + 28*z + d*z**2 - 3 - z**3 - 22*z. What is the units digit of j(-7)?
2
Suppose -7*h - 54 = -10*h. Suppose 3*s - 5 + h = -5*m, m + 9 = s. Suppose s*x - 69 = -j - 0*x, -369 = -5*j + 4*x. What is the tens digit of j?
7
Let q(l) = -3*l**2 - 139*l - 40. Let b be q(-46). Suppose 0 = -5*f + b*f + 4*h - 1288, -h + 3 = 0. What is the hundreds digit of f?
2
Let s be -3 - -5 - (-3)/1. Let n be ((-6 - -4) + 1)*s. Let i(v) = 3*v**2 + 2*v - 9. What is the tens digit of i(n)?
5
Suppose 22754 = 65*c - 64*c - 1395. What is the ten thousands digit of c?
2
Let p(t) = -45*t - 51. Let c be 3 + 0 - 30/(-8)*-4. What is the hundreds digit of p(c)?
4
Let s(h) = -2*h**2 - 10*h - 8. Let z be s(-4). Let k(y) = 5*y + 56. What is the units digit of k(z)?
6
Let b = 128 - 75. Let k(f) = -f**2 - 15*f + 4. Let c be k(-17). Let r = b + c. What is the tens digit of r?
2
Suppose 0 = 543*g - 321*g - 14194680. What is the hundreds digit of g?
9
Let n(y) = 11*y - 62. Let u be n(7). Let i = u - 3. What is the units digit of i?
2
Let v(l) = -3*l**3 + 2*l**2 + 3*l + 2. Suppose m = 3*m - 8. Suppose m*q - 2*q + 2 = 0. What is the units digit of v(q)?
4
What is the thousands digit of (-468)/(-63) + -7 - (-52932)/21?
2
Let a = 75975 + -42876. What is the units digit of a?
9
Let p be (-3)/2*1212/18. Let j = p + 84. Let s = j + 147. What is the hundreds digit of s?
1
Let d(z) = z**3 - 7*z**2 - 6*z. Let f be d(6). Let u = f - -38. What is the units digit of u/(-6) - (4 - (-13)/(-3))?
6
Suppose 5*a = -5*l + 95650, 4*a - 1491 - 94164 = -5*l. What is the units digit of l?
5
Let o = 431 + -370. Suppose -t + 445 = -f, t + 0*t - 429 = -3*f. Suppose o = -5*s + t. What is the tens digit of s?
7
Let g be 8/(-14) - 5/(70/328). Let h(a) = -a - 1. Let v(w) = 6*w - 25. Let k(r) = -14*h(r) - 2*v(r). What is the units digit of k(g)?
6
Let l = 5475 + -3287. Suppose -l = -11*d + 8251. What is the tens digit of d?
4
Let u(x) = 3 - 2 - 30 - 38*x - 13. What is the tens digit of u(-11)?
7
Let r = 29 - 28. Let i be (-2)/r*2*(-3)/12. What is the units digit of 15*(0 - 0 - i)*-5?
5
Let m = 72282 - 5943. What is the ten thousands digit of m?
6
Let s = -28 + -14. Let u = -126 - s. Let a = -39 - u. What is the units digit of a?
5
Suppose 4*o - 12 = -4*b, -9*o + 7*o = -b + 9. Suppose b*c + 2*w = w + 7876, 0 = -5*w + 5. What is the units digit of c?
5
Let i(m) = -23*m**3 - 3*m**2 - 12*m - 67. What is the thousands digit of i(-4)?
1
Let u(w) = -w**3 + 4*w**2 + w - 3. Let a be u(4). Let j be a - (-16)/(-4) - -23. What is the units digit of (j/15)/((-3)/(-495))?
0
Suppose 13710 = 103*p - 33155. Suppose -464 = 4*r - b + 230, r + 184 = -5*b. Let z = r + p. What is the tens digit of z?
8
Suppose 18*i - 6722265 = -111*i - 36*i. What is the tens digit of i?
4
Let m(b) be the third derivative of 19*b**4/12 - 64*b**3/3 + 117*b**2. What is the tens digit of m(14)?
0
Let p be (120/(-55) - -2) + (-57)/(-11). Let f(q) = 212*q + 226. What is the tens digit of f(p)?
8
Let f = 25 - 19. Suppose 5*k + 33 = 3*u, 3*u - 6 = -2*k + f. Suppose 3*x + 348 = u*x. What is the units digit of x?
6
Let a(c) = -11*c + 15. Suppose -4*p = -p + 186. Let d = p + 58. What is the tens digit of a(d)?
5
Let i(h) = 20*h**3 + 2*h**2 + h - 2. Let w be i(-2). Let a = w + 586. What is the units digit of a?
0
Let w(d) = -d - 44. Let v(q) = -15. Let m(t) = 8*v(t) - 3*w(t). Let b be m(-5). What is the tens digit of 210/4 - b/(-6)?
5
Suppose -3*y = -4*y - 3*x - 3, -2*x + 14 = 2*y. Let s = -8 + y. Suppose -s*b + 181 = 9. What is the units digit of b?
3
Let q(u) = 549*u - 3. Let l be q(1). Suppose 3*k = z - 298, 0*z + 4*k = -2*z + l. What is the hundreds digit of z?
2
Suppose 3*a - 8 + 23 = 0, 5*y + a + 1380 = 0. Let f = y + 1755. What is the thousands digit of f?
1
Let p = -2680 + 4262. Let x = -934 + p. What is the units digit of x?
8
Let q be -1 + (1 - -4234) + (-129)/43. Suppose 3*t + z = q, 3*z - z = 8. What is the units digit of t?
9
Suppose -9*j + 23*j - 280 = 0. What is the tens digit of ((-616)/140)/((-2)/j)?
4
Suppose 0 = -w + 3*j - 6 - 43, 5*w - 5*j + 205 = 0. Let a(u) = u**3 + u**2 - 33*u + 44. Let y be a(0). Let d = w + y. What is the units digit of d?
7
Let z(f) = 133*f + 1429. What is the thousands digit of z(28)?
5
Let g(o) = 2*o + 25. Let f be g(-15). Let t(h) = -h**3 - 4*h**2 + 7*h + 5. Let w be t(f). What is the tens digit of 1888/10 - 1/w?
8
Let d be (0 + -4)*-4*7/(-112). What is the tens digit of (5 - -1